{"id":4773,"date":"2023-10-06T19:03:53","date_gmt":"2023-10-06T22:03:53","guid":{"rendered":"https:\/\/protelim.com.br\/responsabilidade-social\/tucca-associacao-para-criancas-e-adolescentes-com-cancer\/"},"modified":"2023-10-06T19:03:53","modified_gmt":"2023-10-06T22:03:53","slug":"tucca-associacao-para-criancas-e-adolescentes-com-cancer","status":"publish","type":"responsabilidade","link":"https:\/\/protelim.com.br\/es\/responsabilidade-social\/tucca-associacao-para-criancas-e-adolescentes-com-cancer\/","title":{"rendered":"TUCCA (Associa\u00e7\u00e3o para Crian\u00e7as e Adolescentes com C\u00e2ncer)"},"featured_media":4774,"parent":0,"template":"","class_list":["post-4773","responsabilidade","type-responsabilidade","status-publish","has-post-thumbnail","hentry"],"acf":[],"_links":{"self":[{"href":"https:\/\/protelim.com.br\/es\/wp-json\/wp\/v2\/responsabilidade\/4773","targetHints":{"allow":["GET"]}}],"collection":[{"href":"https:\/\/protelim.com.br\/es\/wp-json\/wp\/v2\/responsabilidade"}],"about":[{"href":"https:\/\/protelim.com.br\/es\/wp-json\/wp\/v2\/types\/responsabilidade"}],"wp:featuredmedia":[{"embeddable":true,"href":"https:\/\/protelim.com.br\/es\/wp-json\/wp\/v2\/media\/4774"}],"wp:attachment":[{"href":"https:\/\/protelim.com.br\/es\/wp-json\/wp\/v2\/media?parent=4773"}],"curies":[{"name":"wp","href":"https:\/\/api.w.org\/{rel}","templated":true}]}}

TUCCA (Associação para Crianças e Adolescentes com Câncer)
