{"id":4759,"date":"2023-10-06T19:03:53","date_gmt":"2023-10-06T22:03:53","guid":{"rendered":"https:\/\/protelim.com.br\/responsabilidade-social\/associacao-casa-da-crianca-nossa-senhora-aparecida-2\/"},"modified":"2023-10-06T19:03:53","modified_gmt":"2023-10-06T22:03:53","slug":"associacao-casa-da-crianca-nossa-senhora-aparecida-2","status":"publish","type":"responsabilidade","link":"https:\/\/protelim.com.br\/es\/responsabilidade-social\/associacao-casa-da-crianca-nossa-senhora-aparecida-2\/","title":{"rendered":"ASSOCIA\u00c7\u00c3O CASA DA CRIAN\u00c7A NOSSA SENHORA APARECIDA"},"featured_media":4760,"parent":0,"template":"","class_list":["post-4759","responsabilidade","type-responsabilidade","status-publish","has-post-thumbnail","hentry"],"acf":[],"_links":{"self":[{"href":"https:\/\/protelim.com.br\/es\/wp-json\/wp\/v2\/responsabilidade\/4759","targetHints":{"allow":["GET"]}}],"collection":[{"href":"https:\/\/protelim.com.br\/es\/wp-json\/wp\/v2\/responsabilidade"}],"about":[{"href":"https:\/\/protelim.com.br\/es\/wp-json\/wp\/v2\/types\/responsabilidade"}],"wp:featuredmedia":[{"embeddable":true,"href":"https:\/\/protelim.com.br\/es\/wp-json\/wp\/v2\/media\/4760"}],"wp:attachment":[{"href":"https:\/\/protelim.com.br\/es\/wp-json\/wp\/v2\/media?parent=4759"}],"curies":[{"name":"wp","href":"https:\/\/api.w.org\/{rel}","templated":true}]}}

ASSOCIAÇÃO CASA DA CRIANÇA NOSSA SENHORA APARECIDA
