{"id":4751,"date":"2023-10-06T19:03:53","date_gmt":"2023-10-06T22:03:53","guid":{"rendered":"https:\/\/protelim.com.br\/responsabilidade-social\/instituicao-claudio-amancio-2\/"},"modified":"2023-10-06T19:03:53","modified_gmt":"2023-10-06T22:03:53","slug":"instituicao-claudio-amancio-2","status":"publish","type":"responsabilidade","link":"https:\/\/protelim.com.br\/es\/responsabilidade-social\/instituicao-claudio-amancio-2\/","title":{"rendered":"INSTITUI\u00c7\u00c3O CL\u00c1UDIO AMANCIO"},"featured_media":4752,"parent":0,"template":"","class_list":["post-4751","responsabilidade","type-responsabilidade","status-publish","has-post-thumbnail","hentry"],"acf":[],"_links":{"self":[{"href":"https:\/\/protelim.com.br\/es\/wp-json\/wp\/v2\/responsabilidade\/4751","targetHints":{"allow":["GET"]}}],"collection":[{"href":"https:\/\/protelim.com.br\/es\/wp-json\/wp\/v2\/responsabilidade"}],"about":[{"href":"https:\/\/protelim.com.br\/es\/wp-json\/wp\/v2\/types\/responsabilidade"}],"wp:featuredmedia":[{"embeddable":true,"href":"https:\/\/protelim.com.br\/es\/wp-json\/wp\/v2\/media\/4752"}],"wp:attachment":[{"href":"https:\/\/protelim.com.br\/es\/wp-json\/wp\/v2\/media?parent=4751"}],"curies":[{"name":"wp","href":"https:\/\/api.w.org\/{rel}","templated":true}]}}

INSTITUIÇÃO CLÁUDIO AMANCIO
