{"id":4745,"date":"2023-10-06T19:03:53","date_gmt":"2023-10-06T22:03:53","guid":{"rendered":"https:\/\/protelim.com.br\/responsabilidade-social\/fundacao-edmilson-jose-gomes-de-moraes-2\/"},"modified":"2023-10-06T19:03:53","modified_gmt":"2023-10-06T22:03:53","slug":"fundacao-edmilson-jose-gomes-de-moraes-2","status":"publish","type":"responsabilidade","link":"https:\/\/protelim.com.br\/es\/responsabilidade-social\/fundacao-edmilson-jose-gomes-de-moraes-2\/","title":{"rendered":"FUNDA\u00c7\u00c3O EDMILSON JOS\u00c9 GOMES DE MORAES"},"featured_media":4746,"parent":0,"template":"","class_list":["post-4745","responsabilidade","type-responsabilidade","status-publish","has-post-thumbnail","hentry"],"acf":[],"_links":{"self":[{"href":"https:\/\/protelim.com.br\/es\/wp-json\/wp\/v2\/responsabilidade\/4745","targetHints":{"allow":["GET"]}}],"collection":[{"href":"https:\/\/protelim.com.br\/es\/wp-json\/wp\/v2\/responsabilidade"}],"about":[{"href":"https:\/\/protelim.com.br\/es\/wp-json\/wp\/v2\/types\/responsabilidade"}],"wp:featuredmedia":[{"embeddable":true,"href":"https:\/\/protelim.com.br\/es\/wp-json\/wp\/v2\/media\/4746"}],"wp:attachment":[{"href":"https:\/\/protelim.com.br\/es\/wp-json\/wp\/v2\/media?parent=4745"}],"curies":[{"name":"wp","href":"https:\/\/api.w.org\/{rel}","templated":true}]}}

FUNDAÇÃO EDMILSON JOSÉ GOMES DE MORAES
