{"id":4137,"date":"2023-08-30T11:31:15","date_gmt":"2023-08-30T14:31:15","guid":{"rendered":"https:\/\/protelim.com.br\/?post_type=product&#038;p=4137"},"modified":"2024-12-03T09:03:04","modified_gmt":"2024-12-03T12:03:04","slug":"magic-wash-lava-autos-colorido-con-aroma-2","status":"publish","type":"product","link":"https:\/\/protelim.com.br\/es\/producto\/magic-wash-lava-autos-colorido-con-aroma-2\/","title":{"rendered":"MAGIC WASH &#8211; LAVADO DE COCHES DE COLORES CON AROMA"},"content":{"rendered":"<p>MAGIC WASH es un lavado de coches diferente. Experimente los brillantes colores de su espuma y sienta la deliciosa fragancia sensorial del Pl\u00e1tano, la Fresa o el Ar\u00e1ndano. MAGIC WASH es neutro, no da\u00f1a la pintura y forma una espuma densa y colorida. \u00a1Lavar su coche ser\u00e1 una fant\u00e1stica experiencia de aromas y colores!<\/p>\n<p>ENVASE: 500 ml<\/p>\n<p>PRESTACIONES:<\/p>\n<p>Incre\u00edble fragancia de pl\u00e1tano, fresa o ar\u00e1ndanos<\/p>\n<p>Espuma concentrada, densa y coloreada<\/p>\n<p><span style=\"font-weight: 400;\">Compatible para Foam<\/span><\/p>\n<p>Contiene tensioactivos biodegradables<\/p>\n","protected":false},"excerpt":{"rendered":"<p>MAGIC WASH es un lavado de coches diferente. Experimente los brillantes colores de su espuma y sienta la deliciosa fragancia sensorial del Pl\u00e1tano, la Fresa o el Ar\u00e1ndano. MAGIC WASH es neutro, no da\u00f1a la pintura y forma una espuma densa y colorida. \u00a1Lavar su coche ser\u00e1 una fant\u00e1stica experiencia de aromas y colores! ENVASE: [&hellip;]<\/p>\n","protected":false},"featured_media":4138,"template":"","meta":{"_acf_changed":false},"product_brand":[],"product_cat":[233,238,254,283,242,258],"product_tag":[309],"class_list":{"0":"post-4137","1":"product","2":"type-product","3":"status-publish","4":"has-post-thumbnail","6":"product_cat-segmento-automotriz","7":"product_cat-lavado-profesional","8":"product_cat-carroceria-lataria","9":"product_cat-detergentes-neutros","10":"product_cat-categorias","11":"product_cat-capota-maritima","12":"product_tag-lava-autos","14":"first","15":"instock","16":"shipping-taxable","17":"product-type-simple"},"acf":[],"_links":{"self":[{"href":"https:\/\/protelim.com.br\/es\/wp-json\/wp\/v2\/product\/4137","targetHints":{"allow":["GET"]}}],"collection":[{"href":"https:\/\/protelim.com.br\/es\/wp-json\/wp\/v2\/product"}],"about":[{"href":"https:\/\/protelim.com.br\/es\/wp-json\/wp\/v2\/types\/product"}],"version-history":[{"count":5,"href":"https:\/\/protelim.com.br\/es\/wp-json\/wp\/v2\/product\/4137\/revisions"}],"predecessor-version":[{"id":9434,"href":"https:\/\/protelim.com.br\/es\/wp-json\/wp\/v2\/product\/4137\/revisions\/9434"}],"wp:featuredmedia":[{"embeddable":true,"href":"https:\/\/protelim.com.br\/es\/wp-json\/wp\/v2\/media\/4138"}],"wp:attachment":[{"href":"https:\/\/protelim.com.br\/es\/wp-json\/wp\/v2\/media?parent=4137"}],"wp:term":[{"taxonomy":"product_brand","embeddable":true,"href":"https:\/\/protelim.com.br\/es\/wp-json\/wp\/v2\/product_brand?post=4137"},{"taxonomy":"product_cat","embeddable":true,"href":"https:\/\/protelim.com.br\/es\/wp-json\/wp\/v2\/product_cat?post=4137"},{"taxonomy":"product_tag","embeddable":true,"href":"https:\/\/protelim.com.br\/es\/wp-json\/wp\/v2\/product_tag?post=4137"}],"curies":[{"name":"wp","href":"https:\/\/api.w.org\/{rel}","templated":true}]}}

<p>MAGIC WASH es un lavado de coches diferente. Experimente los brillantes colores de su espuma y sienta la deliciosa fragancia sensorial del Plátano, la Fresa o el Arándano. MAGIC WASH es neutro, no daña la pintura y forma una espuma densa y colorida. ¡Lavar su coche será una fantástica experiencia de aromas y colores!</p>
<p>ENVASE: 500 ml</p>
<p>PRESTACIONES:</p>
<p>Increíble fragancia de plátano, fresa o arándanos</p>
<p>Espuma concentrada, densa y coloreada</p>
<p><span style="font-weight: 400;">Compatible para Foam</span></p>
<p>Contiene tensioactivos biodegradables</p>

<p>MAGIC WASH es un lavado de coches diferente. Experimente los brillantes colores de su espuma y sienta la deliciosa fragancia sensorial del Plátano, la Fresa o el Arándano. MAGIC WASH es neutro, no daña la pintura y forma una espuma densa y colorida. ¡Lavar su coche será una fantástica experiencia de aromas y colores! ENVASE: [&hellip;]</p>
