{"id":136,"date":"2021-09-17T16:58:24","date_gmt":"2021-09-17T19:58:24","guid":{"rendered":"https:\/\/protelim.com.br\/?post_type=product&#038;p=136"},"modified":"2024-06-10T19:47:12","modified_gmt":"2024-06-10T22:47:12","slug":"prot-dry-listo-para-usar-lavado-en-seco-automotriz","status":"publish","type":"product","link":"https:\/\/protelim.com.br\/es\/producto\/prot-dry-listo-para-usar-lavado-en-seco-automotriz\/","title":{"rendered":"PROT DRY READY TO USE &#8211; LIMPIEZA EN SECO DE AUTOM\u00d3VILES"},"content":{"rendered":"<p><span style=\"font-weight: 400;\">Innovador producto de \u00faltima generaci\u00f3n para la limpieza en seco de autom\u00f3viles, dise\u00f1ado para agilizar la limpieza de superficies en coches, autobuses, camiones, etc. Listo para usar, dispone de una boquilla pulverizadora que agiliza el servicio. Ideal para el mantenimiento de veh\u00edculos en salas de exposici\u00f3n, concesionarios, empresas de alquiler de coches, talleres mec\u00e1nicos, etc., sin necesidad de lavado diario. Ideal para la inspecci\u00f3n final al pulir, eliminando restos de cera y pulimento.<\/span><\/p>\n<p>ENVASE: 600ml<\/p>\n<p><span style=\"font-weight: 400;\">PRESTACIONES:<\/span><\/p>\n<p><span style=\"font-weight: 400;\">Lavar y encerar<\/span><\/p>\n<p><span style=\"font-weight: 400;\">Rinde de 3 a 4 coches<\/span><\/p>\n<p><span style=\"font-weight: 400;\">Impecable acabado de alto brillo<\/span><\/p>\n<p><span style=\"font-weight: 400;\">Toque de seda<\/span><\/p>\n<p><span style=\"font-weight: 400;\">Embalaje ergon\u00f3mico<\/span><\/p>\n","protected":false},"excerpt":{"rendered":"<p>Innovador producto de \u00faltima generaci\u00f3n para la limpieza en seco de autom\u00f3viles, dise\u00f1ado para agilizar la limpieza de superficies en coches, autobuses, camiones, etc. Listo para usar, dispone de una boquilla pulverizadora que agiliza el servicio. Ideal para el mantenimiento de veh\u00edculos en salas de exposici\u00f3n, concesionarios, empresas de alquiler de coches, talleres mec\u00e1nicos, etc., [&hellip;]<\/p>\n","protected":false},"featured_media":8915,"template":"","meta":{"_acf_changed":false},"product_brand":[],"product_cat":[233,238,254,284,242,258],"product_tag":[308],"class_list":{"0":"post-136","1":"product","2":"type-product","3":"status-publish","4":"has-post-thumbnail","6":"product_cat-segmento-automotriz","7":"product_cat-lavado-profesional","8":"product_cat-carroceria-lataria","9":"product_cat-lavado-en-seco","10":"product_cat-categorias","11":"product_cat-capota-maritima","12":"product_tag-lavado-en-seco","14":"first","15":"instock","16":"shipping-taxable","17":"product-type-simple"},"acf":[],"_links":{"self":[{"href":"https:\/\/protelim.com.br\/es\/wp-json\/wp\/v2\/product\/136","targetHints":{"allow":["GET"]}}],"collection":[{"href":"https:\/\/protelim.com.br\/es\/wp-json\/wp\/v2\/product"}],"about":[{"href":"https:\/\/protelim.com.br\/es\/wp-json\/wp\/v2\/types\/product"}],"version-history":[{"count":3,"href":"https:\/\/protelim.com.br\/es\/wp-json\/wp\/v2\/product\/136\/revisions"}],"predecessor-version":[{"id":9383,"href":"https:\/\/protelim.com.br\/es\/wp-json\/wp\/v2\/product\/136\/revisions\/9383"}],"wp:featuredmedia":[{"embeddable":true,"href":"https:\/\/protelim.com.br\/es\/wp-json\/wp\/v2\/media\/8915"}],"wp:attachment":[{"href":"https:\/\/protelim.com.br\/es\/wp-json\/wp\/v2\/media?parent=136"}],"wp:term":[{"taxonomy":"product_brand","embeddable":true,"href":"https:\/\/protelim.com.br\/es\/wp-json\/wp\/v2\/product_brand?post=136"},{"taxonomy":"product_cat","embeddable":true,"href":"https:\/\/protelim.com.br\/es\/wp-json\/wp\/v2\/product_cat?post=136"},{"taxonomy":"product_tag","embeddable":true,"href":"https:\/\/protelim.com.br\/es\/wp-json\/wp\/v2\/product_tag?post=136"}],"curies":[{"name":"wp","href":"https:\/\/api.w.org\/{rel}","templated":true}]}}

PROT DRY READY TO USE &#8211; LIMPIEZA EN SECO DE AUTOMÓVILES

<p><span style="font-weight: 400;">Innovador producto de última generación para la limpieza en seco de automóviles, diseñado para agilizar la limpieza de superficies en coches, autobuses, camiones, etc. Listo para usar, dispone de una boquilla pulverizadora que agiliza el servicio. Ideal para el mantenimiento de vehículos en salas de exposición, concesionarios, empresas de alquiler de coches, talleres mecánicos, etc., sin necesidad de lavado diario. Ideal para la inspección final al pulir, eliminando restos de cera y pulimento.</span></p>
<p>ENVASE: 600ml</p>
<p><span style="font-weight: 400;">PRESTACIONES:</span></p>
<p><span style="font-weight: 400;">Lavar y encerar</span></p>
<p><span style="font-weight: 400;">Rinde de 3 a 4 coches</span></p>
<p><span style="font-weight: 400;">Impecable acabado de alto brillo</span></p>
<p><span style="font-weight: 400;">Toque de seda</span></p>
<p><span style="font-weight: 400;">Embalaje ergonómico</span></p>

<p>Innovador producto de última generación para la limpieza en seco de automóviles, diseñado para agilizar la limpieza de superficies en coches, autobuses, camiones, etc. Listo para usar, dispone de una boquilla pulverizadora que agiliza el servicio. Ideal para el mantenimiento de vehículos en salas de exposición, concesionarios, empresas de alquiler de coches, talleres mecánicos, etc., [&hellip;]</p>
