{"id":133,"date":"2021-09-17T16:57:07","date_gmt":"2021-09-17T19:57:07","guid":{"rendered":"https:\/\/protelim.com.br\/?post_type=product&#038;p=133"},"modified":"2024-12-03T10:20:16","modified_gmt":"2024-12-03T13:20:16","slug":"lava-en-seco-automotriz-prot-dry","status":"publish","type":"product","link":"https:\/\/protelim.com.br\/es\/producto\/lava-en-seco-automotriz-prot-dry\/","title":{"rendered":"PROT DRY &#8211; LAVADO DE AUTOS"},"content":{"rendered":"<p><span style=\"font-weight: 400;\">PROT DRY es un innovador limpiador en seco para autom\u00f3viles de \u00faltima generaci\u00f3n, adecuado para limpiar en seco la pintura de coches, autobuses, camiones, aviones y barcos. Formulado para uso profesional, limpia, abrillanta y protege sin rayar la superficie, encapsulando la suciedad.<\/span><\/p>\n<p>ENVASES: <span style=\"font-weight: 400;\">1,5L y 5L<\/span><\/p>\n<p>PRESTACIONES:<\/p>\n<p><span style=\"font-weight: 400;\">Lavar y encerar<\/span><\/p>\n<p><span style=\"font-weight: 400;\">Limpia y protege<\/span><\/p>\n<p><span style=\"font-weight: 400;\">Impecable acabado de alto brillo<\/span><\/p>\n<p><span style=\"font-weight: 400;\">Toque de seda<\/span><\/p>\n<p><span style=\"font-weight: 400;\">Embalaje ergon\u00f3mico<\/span><\/p>\n","protected":false},"excerpt":{"rendered":"<p>PROT DRY es un innovador limpiador en seco para autom\u00f3viles de \u00faltima generaci\u00f3n, adecuado para limpiar en seco la pintura de coches, autobuses, camiones, aviones y barcos. Formulado para uso profesional, limpia, abrillanta y protege sin rayar la superficie, encapsulando la suciedad. ENVASES: 1,5L y 5L PRESTACIONES: Lavar y encerar Limpia y protege Impecable acabado [&hellip;]<\/p>\n","protected":false},"featured_media":2379,"template":"","meta":{"_acf_changed":false},"product_brand":[],"product_cat":[233,238,254,284,242,258],"product_tag":[308],"class_list":{"0":"post-133","1":"product","2":"type-product","3":"status-publish","4":"has-post-thumbnail","6":"product_cat-segmento-automotriz","7":"product_cat-lavado-profesional","8":"product_cat-carroceria-lataria","9":"product_cat-lavado-en-seco","10":"product_cat-categorias","11":"product_cat-capota-maritima","12":"product_tag-lavado-en-seco","14":"first","15":"instock","16":"shipping-taxable","17":"product-type-simple"},"acf":[],"_links":{"self":[{"href":"https:\/\/protelim.com.br\/es\/wp-json\/wp\/v2\/product\/133","targetHints":{"allow":["GET"]}}],"collection":[{"href":"https:\/\/protelim.com.br\/es\/wp-json\/wp\/v2\/product"}],"about":[{"href":"https:\/\/protelim.com.br\/es\/wp-json\/wp\/v2\/types\/product"}],"version-history":[{"count":5,"href":"https:\/\/protelim.com.br\/es\/wp-json\/wp\/v2\/product\/133\/revisions"}],"predecessor-version":[{"id":9636,"href":"https:\/\/protelim.com.br\/es\/wp-json\/wp\/v2\/product\/133\/revisions\/9636"}],"wp:featuredmedia":[{"embeddable":true,"href":"https:\/\/protelim.com.br\/es\/wp-json\/wp\/v2\/media\/2379"}],"wp:attachment":[{"href":"https:\/\/protelim.com.br\/es\/wp-json\/wp\/v2\/media?parent=133"}],"wp:term":[{"taxonomy":"product_brand","embeddable":true,"href":"https:\/\/protelim.com.br\/es\/wp-json\/wp\/v2\/product_brand?post=133"},{"taxonomy":"product_cat","embeddable":true,"href":"https:\/\/protelim.com.br\/es\/wp-json\/wp\/v2\/product_cat?post=133"},{"taxonomy":"product_tag","embeddable":true,"href":"https:\/\/protelim.com.br\/es\/wp-json\/wp\/v2\/product_tag?post=133"}],"curies":[{"name":"wp","href":"https:\/\/api.w.org\/{rel}","templated":true}]}}

<p><span style="font-weight: 400;">PROT DRY es un innovador limpiador en seco para automóviles de última generación, adecuado para limpiar en seco la pintura de coches, autobuses, camiones, aviones y barcos. Formulado para uso profesional, limpia, abrillanta y protege sin rayar la superficie, encapsulando la suciedad.</span></p>
<p>ENVASES: <span style="font-weight: 400;">1,5L y 5L</span></p>
<p>PRESTACIONES:</p>
<p><span style="font-weight: 400;">Lavar y encerar</span></p>
<p><span style="font-weight: 400;">Limpia y protege</span></p>
<p><span style="font-weight: 400;">Impecable acabado de alto brillo</span></p>
<p><span style="font-weight: 400;">Toque de seda</span></p>
<p><span style="font-weight: 400;">Embalaje ergonómico</span></p>

<p>PROT DRY es un innovador limpiador en seco para automóviles de última generación, adecuado para limpiar en seco la pintura de coches, autobuses, camiones, aviones y barcos. Formulado para uso profesional, limpia, abrillanta y protege sin rayar la superficie, encapsulando la suciedad. ENVASES: 1,5L y 5L PRESTACIONES: Lavar y encerar Limpia y protege Impecable acabado [&hellip;]</p>
